{"id":796,"date":"2024-10-16T15:52:52","date_gmt":"2024-10-16T13:52:52","guid":{"rendered":"https:\/\/elles129186.webdb78.lwspanel.com\/?page_id=796"},"modified":"2024-12-20T11:23:20","modified_gmt":"2024-12-20T10:23:20","slug":"elections-legislatives-juin-2022","status":"publish","type":"page","link":"https:\/\/www.ellesaussi.org\/?page_id=796","title":{"rendered":"Elections l\u00e9gislatives juin 2022"},"content":{"rendered":"\t\t<div data-elementor-type=\"wp-page\" data-elementor-id=\"796\" class=\"elementor elementor-796\" data-elementor-post-type=\"page\">\n\t\t\t\t<div class=\"elementor-element elementor-element-2534d295 e-flex e-con-boxed e-con e-parent\" data-id=\"2534d295\" data-element_type=\"container\">\n\t\t\t\t\t<div class=\"e-con-inner\">\n\t\t\t\t<div class=\"elementor-element elementor-element-724b3bb2 elementor-widget elementor-widget-elementskit-blog-posts\" data-id=\"724b3bb2\" data-element_type=\"widget\" data-widget_type=\"elementskit-blog-posts.default\">\n\t\t\t\t<div class=\"elementor-widget-container\">\n\t\t\t<div class=\"ekit-wid-con\" >        <div id=\"post-items--724b3bb2\" class=\"row post-items\" data-masonry-config=\"true\">\n                    <div class=\"col-lg-4 col-md-6\">\n\n                                    <div class=\"elementskit-post-image-card\">\n                        <div class=\"elementskit-entry-header\">\n                                                            <a href=\"https:\/\/www.ellesaussi.org\/?p=790\" class=\"elementskit-entry-thumb\">\n                                    <img decoding=\"async\" src=\"https:\/\/www.ellesaussi.org\/wp-content\/uploads\/2024\/10\/ChroniqueDeLaPariteLegislatives.jpg\" alt=\"Le nouveau visage de l\u2019Assembl\u00e9e nationale\">\n                                <\/a><!-- .elementskit-entry-thumb END -->\n                                                                                                    <div class=\"elementskit-meta-lists elementskit-style-tag\">\n                                        <div class=\"elementskit-single-meta triangle_left\"><span class=\"elementskit-meta-wraper\"><strong>05<\/strong>Juil<\/span><\/div>\n                                    <\/div>\n                                                                                            \n                            \n\t\t\t\t\t\t\t\t\t\t\t\t\t<\/div><!-- .elementskit-entry-header END -->\n\n\t\t\t\t\t\t<div class=\"elementskit-post-body \">\n\t\t\t\t\t\t\t\n\t\t\t\t\t\t\t\t\t\t\t\t\t\t\t\t\t\t\t\t\t\t\t\t\t\t\t\t<div class=\"post-meta-list\">\n\t\t\t\t\t\t\t\t\t\t\t\t\t\t\t\t\t\t\t\t\t\t\t\t\t\t\t\t\t\t\t\t<span class=\"meta-date\">\n\n\t\t\t\t\t\t\t\t\t\t<i aria-hidden=\"true\" class=\"icon icon-calendar3\"><\/i>\n\t\t\t\t\t\t\t\t\t\t<span class=\"meta-date-text\">\n\t\t\t\t\t\t\t\t\t\t\t5 juillet 2022\t\t\t\t\t\t\t\t\t\t<\/span>\n\t\t\t\t\t\t\t\t\t<\/span>\n\t\t\t\t\t\t\t\t\t\t\t\t\t\t\t\t\t\t\t\t\t\t\t\t\t\t\t\t\t\t\t\t\t\t\t\t\t<\/div>\n\t\t\t\t\t\t\t\t\t\t\t\t\t\n\t\t\t\t\t\t\t\t\n\t\t\t\t\t\t\t\t\t\t\t\t\t\t\t\t\t\t\t\t\t<h2 class=\"entry-title\">\n\t\t\t\t\t<a href=\"https:\/\/www.ellesaussi.org\/?p=790\">\n\t\t\t\t\t\tLe nouveau visage de l\u2019Assembl\u00e9e nationale\t\t\t\t\t<\/a>\n\t\t\t\t<\/h2>\n\t\t\t\t\t\t\t\t\t\t\t\t\t\t\t\t\t\t\t\t\t\t\t\t\t\t\t\t\t\t\t\t\t\t\t\t\t\t\t\t\t\t<p>Plus de femmes aux postes de pouvoir et plus de diversit\u00e9 Une assembl\u00e9e renouvel\u00e9e et rajeunie \u00a0 La campagne des l\u00e9gislatives s\u2019est termin\u00e9e entre deux camps virils, les soutiens du pr\u00e9sident de la\u2026<\/p>\n\t\t\t\t\t\t\t\t\t\t\t\t\t\t\t\t\t\t\t\t\t\t                                                            <div class=\"btn-wraper\">\n                                    \n                                                                            <a class=\"elementskit-btn whitespace--normal\" id=\"\" href=\"https:\/\/www.ellesaussi.org\/?p=790\">\n                                        \t                                            en savoir plus                                        <\/a>\n                                                                    <\/div>\n                                                    <\/div><!-- .elementskit-post-body END -->\n                    <\/div>\n                \n            <\/div>\n                <\/div>\n       <\/div>\t\t<\/div>\n\t\t\t\t<\/div>\n\t\t\t\t\t<\/div>\n\t\t\t\t<\/div>\n\t\t\t\t<\/div>\n\t\t","protected":false},"excerpt":{"rendered":"<p>05Juil 5 juillet 2022 Le nouveau visage de l\u2019Assembl\u00e9e nationale Plus de femmes aux postes de pouvoir et plus de diversit\u00e9 Une assembl\u00e9e renouvel\u00e9e et rajeunie \u00a0 La campagne des l\u00e9gislatives s\u2019est termin\u00e9e entre deux camps virils, les soutiens du pr\u00e9sident de la\u2026 en savoir plus<\/p>\n","protected":false},"author":1,"featured_media":0,"parent":0,"menu_order":0,"comment_status":"closed","ping_status":"closed","template":"","meta":{"footnotes":""},"class_list":["post-796","page","type-page","status-publish","hentry"],"yoast_head":"<!-- This site is optimized with the Yoast SEO plugin v22.8 - https:\/\/yoast.com\/wordpress\/plugins\/seo\/ -->\n<title>Elections l\u00e9gislatives juin 2022 - Elles Aussi<\/title>\n<meta name=\"robots\" content=\"index, follow, max-snippet:-1, max-image-preview:large, max-video-preview:-1\" \/>\n<link rel=\"canonical\" href=\"https:\/\/www.ellesaussi.org\/?page_id=796\" \/>\n<meta property=\"og:locale\" content=\"fr_FR\" \/>\n<meta property=\"og:type\" content=\"article\" \/>\n<meta property=\"og:title\" content=\"Elections l\u00e9gislatives juin 2022 - Elles Aussi\" \/>\n<meta property=\"og:description\" content=\"05Juil 5 juillet 2022 Le nouveau visage de l\u2019Assembl\u00e9e nationale Plus de femmes aux postes de pouvoir et plus de diversit\u00e9 Une assembl\u00e9e renouvel\u00e9e et rajeunie \u00a0 La campagne des l\u00e9gislatives s\u2019est termin\u00e9e entre deux camps virils, les soutiens du pr\u00e9sident de la\u2026 en savoir plus\" \/>\n<meta property=\"og:url\" content=\"https:\/\/www.ellesaussi.org\/?page_id=796\" \/>\n<meta property=\"og:site_name\" content=\"Elles Aussi\" \/>\n<meta property=\"article:publisher\" content=\"https:\/\/www.facebook.com\/ellesaussi\/\" \/>\n<meta property=\"article:modified_time\" content=\"2024-12-20T10:23:20+00:00\" \/>\n<meta property=\"og:image\" content=\"https:\/\/www.ellesaussi.org\/wp-content\/uploads\/2024\/10\/ChroniqueDeLaPariteLegislatives.jpg\" \/>\n<meta name=\"twitter:card\" content=\"summary_large_image\" \/>\n<meta name=\"twitter:label1\" content=\"Dur\u00e9e de lecture estim\u00e9e\" \/>\n\t<meta name=\"twitter:data1\" content=\"1 minute\" \/>\n<script type=\"application\/ld+json\" class=\"yoast-schema-graph\">{\"@context\":\"https:\/\/schema.org\",\"@graph\":[{\"@type\":\"WebPage\",\"@id\":\"https:\/\/www.ellesaussi.org\/?page_id=796\",\"url\":\"https:\/\/www.ellesaussi.org\/?page_id=796\",\"name\":\"Elections l\u00e9gislatives juin 2022 - Elles Aussi\",\"isPartOf\":{\"@id\":\"https:\/\/www.ellesaussi.org\/#website\"},\"primaryImageOfPage\":{\"@id\":\"https:\/\/www.ellesaussi.org\/?page_id=796#primaryimage\"},\"image\":{\"@id\":\"https:\/\/www.ellesaussi.org\/?page_id=796#primaryimage\"},\"thumbnailUrl\":\"https:\/\/www.ellesaussi.org\/wp-content\/uploads\/2024\/10\/ChroniqueDeLaPariteLegislatives.jpg\",\"datePublished\":\"2024-10-16T13:52:52+00:00\",\"dateModified\":\"2024-12-20T10:23:20+00:00\",\"breadcrumb\":{\"@id\":\"https:\/\/www.ellesaussi.org\/?page_id=796#breadcrumb\"},\"inLanguage\":\"fr-FR\",\"potentialAction\":[{\"@type\":\"ReadAction\",\"target\":[\"https:\/\/www.ellesaussi.org\/?page_id=796\"]}]},{\"@type\":\"ImageObject\",\"inLanguage\":\"fr-FR\",\"@id\":\"https:\/\/www.ellesaussi.org\/?page_id=796#primaryimage\",\"url\":\"https:\/\/www.ellesaussi.org\/wp-content\/uploads\/2024\/10\/ChroniqueDeLaPariteLegislatives.jpg\",\"contentUrl\":\"https:\/\/www.ellesaussi.org\/wp-content\/uploads\/2024\/10\/ChroniqueDeLaPariteLegislatives.jpg\",\"width\":297,\"height\":331},{\"@type\":\"BreadcrumbList\",\"@id\":\"https:\/\/www.ellesaussi.org\/?page_id=796#breadcrumb\",\"itemListElement\":[{\"@type\":\"ListItem\",\"position\":1,\"name\":\"Accueil\",\"item\":\"https:\/\/www.ellesaussi.org\/\"},{\"@type\":\"ListItem\",\"position\":2,\"name\":\"Elections l\u00e9gislatives juin 2022\"}]},{\"@type\":\"WebSite\",\"@id\":\"https:\/\/www.ellesaussi.org\/#website\",\"url\":\"https:\/\/www.ellesaussi.org\/\",\"name\":\"Elles Aussi\",\"description\":\"\",\"publisher\":{\"@id\":\"https:\/\/www.ellesaussi.org\/#organization\"},\"potentialAction\":[{\"@type\":\"SearchAction\",\"target\":{\"@type\":\"EntryPoint\",\"urlTemplate\":\"https:\/\/www.ellesaussi.org\/?s={search_term_string}\"},\"query-input\":\"required name=search_term_string\"}],\"inLanguage\":\"fr-FR\"},{\"@type\":\"Organization\",\"@id\":\"https:\/\/www.ellesaussi.org\/#organization\",\"name\":\"Elles Aussi\",\"url\":\"https:\/\/www.ellesaussi.org\/\",\"logo\":{\"@type\":\"ImageObject\",\"inLanguage\":\"fr-FR\",\"@id\":\"https:\/\/www.ellesaussi.org\/#\/schema\/logo\/image\/\",\"url\":\"https:\/\/www.ellesaussi.org\/wp-content\/uploads\/2024\/05\/Elles-aussi_logotype_rouge.png\",\"contentUrl\":\"https:\/\/www.ellesaussi.org\/wp-content\/uploads\/2024\/05\/Elles-aussi_logotype_rouge.png\",\"width\":3472,\"height\":2480,\"caption\":\"Elles Aussi\"},\"image\":{\"@id\":\"https:\/\/www.ellesaussi.org\/#\/schema\/logo\/image\/\"},\"sameAs\":[\"https:\/\/www.facebook.com\/ellesaussi\/\"]}]}<\/script>\n<!-- \/ Yoast SEO plugin. -->","yoast_head_json":{"title":"Elections l\u00e9gislatives juin 2022 - Elles Aussi","robots":{"index":"index","follow":"follow","max-snippet":"max-snippet:-1","max-image-preview":"max-image-preview:large","max-video-preview":"max-video-preview:-1"},"canonical":"https:\/\/www.ellesaussi.org\/?page_id=796","og_locale":"fr_FR","og_type":"article","og_title":"Elections l\u00e9gislatives juin 2022 - Elles Aussi","og_description":"05Juil 5 juillet 2022 Le nouveau visage de l\u2019Assembl\u00e9e nationale Plus de femmes aux postes de pouvoir et plus de diversit\u00e9 Une assembl\u00e9e renouvel\u00e9e et rajeunie \u00a0 La campagne des l\u00e9gislatives s\u2019est termin\u00e9e entre deux camps virils, les soutiens du pr\u00e9sident de la\u2026 en savoir plus","og_url":"https:\/\/www.ellesaussi.org\/?page_id=796","og_site_name":"Elles Aussi","article_publisher":"https:\/\/www.facebook.com\/ellesaussi\/","article_modified_time":"2024-12-20T10:23:20+00:00","og_image":[{"url":"https:\/\/www.ellesaussi.org\/wp-content\/uploads\/2024\/10\/ChroniqueDeLaPariteLegislatives.jpg"}],"twitter_card":"summary_large_image","twitter_misc":{"Dur\u00e9e de lecture estim\u00e9e":"1 minute"},"schema":{"@context":"https:\/\/schema.org","@graph":[{"@type":"WebPage","@id":"https:\/\/www.ellesaussi.org\/?page_id=796","url":"https:\/\/www.ellesaussi.org\/?page_id=796","name":"Elections l\u00e9gislatives juin 2022 - Elles Aussi","isPartOf":{"@id":"https:\/\/www.ellesaussi.org\/#website"},"primaryImageOfPage":{"@id":"https:\/\/www.ellesaussi.org\/?page_id=796#primaryimage"},"image":{"@id":"https:\/\/www.ellesaussi.org\/?page_id=796#primaryimage"},"thumbnailUrl":"https:\/\/www.ellesaussi.org\/wp-content\/uploads\/2024\/10\/ChroniqueDeLaPariteLegislatives.jpg","datePublished":"2024-10-16T13:52:52+00:00","dateModified":"2024-12-20T10:23:20+00:00","breadcrumb":{"@id":"https:\/\/www.ellesaussi.org\/?page_id=796#breadcrumb"},"inLanguage":"fr-FR","potentialAction":[{"@type":"ReadAction","target":["https:\/\/www.ellesaussi.org\/?page_id=796"]}]},{"@type":"ImageObject","inLanguage":"fr-FR","@id":"https:\/\/www.ellesaussi.org\/?page_id=796#primaryimage","url":"https:\/\/www.ellesaussi.org\/wp-content\/uploads\/2024\/10\/ChroniqueDeLaPariteLegislatives.jpg","contentUrl":"https:\/\/www.ellesaussi.org\/wp-content\/uploads\/2024\/10\/ChroniqueDeLaPariteLegislatives.jpg","width":297,"height":331},{"@type":"BreadcrumbList","@id":"https:\/\/www.ellesaussi.org\/?page_id=796#breadcrumb","itemListElement":[{"@type":"ListItem","position":1,"name":"Accueil","item":"https:\/\/www.ellesaussi.org\/"},{"@type":"ListItem","position":2,"name":"Elections l\u00e9gislatives juin 2022"}]},{"@type":"WebSite","@id":"https:\/\/www.ellesaussi.org\/#website","url":"https:\/\/www.ellesaussi.org\/","name":"Elles Aussi","description":"","publisher":{"@id":"https:\/\/www.ellesaussi.org\/#organization"},"potentialAction":[{"@type":"SearchAction","target":{"@type":"EntryPoint","urlTemplate":"https:\/\/www.ellesaussi.org\/?s={search_term_string}"},"query-input":"required name=search_term_string"}],"inLanguage":"fr-FR"},{"@type":"Organization","@id":"https:\/\/www.ellesaussi.org\/#organization","name":"Elles Aussi","url":"https:\/\/www.ellesaussi.org\/","logo":{"@type":"ImageObject","inLanguage":"fr-FR","@id":"https:\/\/www.ellesaussi.org\/#\/schema\/logo\/image\/","url":"https:\/\/www.ellesaussi.org\/wp-content\/uploads\/2024\/05\/Elles-aussi_logotype_rouge.png","contentUrl":"https:\/\/www.ellesaussi.org\/wp-content\/uploads\/2024\/05\/Elles-aussi_logotype_rouge.png","width":3472,"height":2480,"caption":"Elles Aussi"},"image":{"@id":"https:\/\/www.ellesaussi.org\/#\/schema\/logo\/image\/"},"sameAs":["https:\/\/www.facebook.com\/ellesaussi\/"]}]}},"_links":{"self":[{"href":"https:\/\/www.ellesaussi.org\/index.php?rest_route=\/wp\/v2\/pages\/796","targetHints":{"allow":["GET"]}}],"collection":[{"href":"https:\/\/www.ellesaussi.org\/index.php?rest_route=\/wp\/v2\/pages"}],"about":[{"href":"https:\/\/www.ellesaussi.org\/index.php?rest_route=\/wp\/v2\/types\/page"}],"author":[{"embeddable":true,"href":"https:\/\/www.ellesaussi.org\/index.php?rest_route=\/wp\/v2\/users\/1"}],"replies":[{"embeddable":true,"href":"https:\/\/www.ellesaussi.org\/index.php?rest_route=%2Fwp%2Fv2%2Fcomments&post=796"}],"version-history":[{"count":10,"href":"https:\/\/www.ellesaussi.org\/index.php?rest_route=\/wp\/v2\/pages\/796\/revisions"}],"predecessor-version":[{"id":3100,"href":"https:\/\/www.ellesaussi.org\/index.php?rest_route=\/wp\/v2\/pages\/796\/revisions\/3100"}],"wp:attachment":[{"href":"https:\/\/www.ellesaussi.org\/index.php?rest_route=%2Fwp%2Fv2%2Fmedia&parent=796"}],"curies":[{"name":"wp","href":"https:\/\/api.w.org\/{rel}","templated":true}]}}

Elections législatives juin 2022

<div data-elementor-type="wp-page" data-elementor-id="796" class="elementor elementor-796" data-elementor-post-type="page">
				<div class="elementor-element elementor-element-2534d295 e-flex e-con-boxed e-con e-parent" data-id="2534d295" data-element_type="container">
					<div class="e-con-inner">
				<div class="elementor-element elementor-element-724b3bb2 elementor-widget elementor-widget-elementskit-blog-posts" data-id="724b3bb2" data-element_type="widget" data-widget_type="elementskit-blog-posts.default">
				<div class="elementor-widget-container">
			<div class="ekit-wid-con" >        <div id="post-items--724b3bb2" class="row post-items" data-masonry-config="true">
                    <div class="col-lg-4 col-md-6">

                                    <div class="elementskit-post-image-card">
                        <div class="elementskit-entry-header">
                                                            <a href="https://www.ellesaussi.org/?p=790" class="elementskit-entry-thumb">
                                    <img decoding="async" src="https://www.ellesaussi.org/wp-content/uploads/2024/10/ChroniqueDeLaPariteLegislatives.jpg" alt="Le nouveau visage de l’Assemblée nationale">
                                </a><!-- .elementskit-entry-thumb END -->
                                                                                                    <div class="elementskit-meta-lists elementskit-style-tag">
                                        <div class="elementskit-single-meta triangle_left"><span class="elementskit-meta-wraper"><strong>05</strong>Juil</span></div>
                                    </div>
                                                                                            
                            
													</div><!-- .elementskit-entry-header END -->

						<div class="elementskit-post-body ">
							
																												<div class="post-meta-list">
																																<span class="meta-date">

										<i aria-hidden="true" class="icon icon-calendar3"></i>
										<span class="meta-date-text">
											5 juillet 2022										</span>
									</span>
																																					</div>
													
								
																					<h2 class="entry-title">
					<a href="https://www.ellesaussi.org/?p=790">
						Le nouveau visage de l’Assemblée nationale					</a>
				</h2>
																																										<p>Plus de femmes aux postes de pouvoir et plus de diversité Une assemblée renouvelée et rajeunie   La campagne des législatives s’est terminée entre deux camps virils, les soutiens du président de la…</p>
																						                                                            <div class="btn-wraper">
                                    
                                                                            <a class="elementskit-btn whitespace--normal" id="" href="https://www.ellesaussi.org/?p=790">
                                        	                                            en savoir plus                                        </a>
                                                                    </div>
                                                    </div><!-- .elementskit-post-body END -->
                    </div>
                
            </div>
                </div>
       </div>		</div>
				</div>
					</div>
				</div>
				</div>

<p>05Juil 5 juillet 2022 Le nouveau visage de l’Assemblée nationale Plus de femmes aux postes de pouvoir et plus de diversité Une assemblée renouvelée et rajeunie   La campagne des législatives s’est terminée entre deux camps virils, les soutiens du président de la… en savoir plus</p>

<!-- This site is optimized with the Yoast SEO plugin v22.8 - https://yoast.com/wordpress/plugins/seo/ -->
<title>Elections législatives juin 2022 - Elles Aussi</title>
<meta name="robots" content="index, follow, max-snippet:-1, max-image-preview:large, max-video-preview:-1" />
<link rel="canonical" href="https://www.ellesaussi.org/?page_id=796" />
<meta property="og:locale" content="fr_FR" />
<meta property="og:type" content="article" />
<meta property="og:title" content="Elections législatives juin 2022 - Elles Aussi" />
<meta property="og:description" content="05Juil 5 juillet 2022 Le nouveau visage de l’Assemblée nationale Plus de femmes aux postes de pouvoir et plus de diversité Une assemblée renouvelée et rajeunie   La campagne des législatives s’est terminée entre deux camps virils, les soutiens du président de la… en savoir plus" />
<meta property="og:url" content="https://www.ellesaussi.org/?page_id=796" />
<meta property="og:site_name" content="Elles Aussi" />
<meta property="article:publisher" content="https://www.facebook.com/ellesaussi/" />
<meta property="article:modified_time" content="2024-12-20T10:23:20+00:00" />
<meta property="og:image" content="https://www.ellesaussi.org/wp-content/uploads/2024/10/ChroniqueDeLaPariteLegislatives.jpg" />
<meta name="twitter:card" content="summary_large_image" />
<meta name="twitter:label1" content="Durée de lecture estimée" />
	<meta name="twitter:data1" content="1 minute" />
<script type="application/ld+json" class="yoast-schema-graph">{"@context":"https://schema.org","@graph":[{"@type":"WebPage","@id":"https://www.ellesaussi.org/?page_id=796","url":"https://www.ellesaussi.org/?page_id=796","name":"Elections législatives juin 2022 - Elles Aussi","isPartOf":{"@id":"https://www.ellesaussi.org/#website"},"primaryImageOfPage":{"@id":"https://www.ellesaussi.org/?page_id=796#primaryimage"},"image":{"@id":"https://www.ellesaussi.org/?page_id=796#primaryimage"},"thumbnailUrl":"https://www.ellesaussi.org/wp-content/uploads/2024/10/ChroniqueDeLaPariteLegislatives.jpg","datePublished":"2024-10-16T13:52:52+00:00","dateModified":"2024-12-20T10:23:20+00:00","breadcrumb":{"@id":"https://www.ellesaussi.org/?page_id=796#breadcrumb"},"inLanguage":"fr-FR","potentialAction":[{"@type":"ReadAction","target":["https://www.ellesaussi.org/?page_id=796"]}]},{"@type":"ImageObject","inLanguage":"fr-FR","@id":"https://www.ellesaussi.org/?page_id=796#primaryimage","url":"https://www.ellesaussi.org/wp-content/uploads/2024/10/ChroniqueDeLaPariteLegislatives.jpg","contentUrl":"https://www.ellesaussi.org/wp-content/uploads/2024/10/ChroniqueDeLaPariteLegislatives.jpg","width":297,"height":331},{"@type":"BreadcrumbList","@id":"https://www.ellesaussi.org/?page_id=796#breadcrumb","itemListElement":[{"@type":"ListItem","position":1,"name":"Accueil","item":"https://www.ellesaussi.org/"},{"@type":"ListItem","position":2,"name":"Elections législatives juin 2022"}]},{"@type":"WebSite","@id":"https://www.ellesaussi.org/#website","url":"https://www.ellesaussi.org/","name":"Elles Aussi","description":"","publisher":{"@id":"https://www.ellesaussi.org/#organization"},"potentialAction":[{"@type":"SearchAction","target":{"@type":"EntryPoint","urlTemplate":"https://www.ellesaussi.org/?s={search_term_string}"},"query-input":"required name=search_term_string"}],"inLanguage":"fr-FR"},{"@type":"Organization","@id":"https://www.ellesaussi.org/#organization","name":"Elles Aussi","url":"https://www.ellesaussi.org/","logo":{"@type":"ImageObject","inLanguage":"fr-FR","@id":"https://www.ellesaussi.org/#/schema/logo/image/","url":"https://www.ellesaussi.org/wp-content/uploads/2024/05/Elles-aussi_logotype_rouge.png","contentUrl":"https://www.ellesaussi.org/wp-content/uploads/2024/05/Elles-aussi_logotype_rouge.png","width":3472,"height":2480,"caption":"Elles Aussi"},"image":{"@id":"https://www.ellesaussi.org/#/schema/logo/image/"},"sameAs":["https://www.facebook.com/ellesaussi/"]}]}</script>
<!-- / Yoast SEO plugin. -->

Elections législatives juin 2022 - Elles Aussi

05Juil 5 juillet 2022 Le nouveau visage de l’Assemblée nationale Plus de femmes aux postes de pouvoir et plus de diversité Une assemblée renouvelée et rajeunie   La campagne des législatives s’est terminée entre deux camps virils, les soutiens du président de la… en savoir plus
