{"id":553,"date":"2024-10-03T11:50:42","date_gmt":"2024-10-03T09:50:42","guid":{"rendered":"https:\/\/elles129186.webdb78.lwspanel.com\/?page_id=553"},"modified":"2025-07-28T10:16:29","modified_gmt":"2025-07-28T08:16:29","slug":"la-gouvernance","status":"publish","type":"page","link":"https:\/\/www.ellesaussi.org\/?page_id=553","title":{"rendered":"La Gouvernance"},"content":{"rendered":"\t\t<div data-elementor-type=\"wp-page\" data-elementor-id=\"553\" class=\"elementor elementor-553\" data-elementor-post-type=\"page\">\n\t\t\t\t\t\t<section class=\"elementor-section elementor-top-section elementor-element elementor-element-64defd23 elementor-section-boxed elementor-section-height-default elementor-section-height-default\" data-id=\"64defd23\" data-element_type=\"section\">\n\t\t\t\t\t\t\t<div class=\"elementor-background-overlay\"><\/div>\n\t\t\t\t\t\t\t<div class=\"elementor-container elementor-column-gap-no\">\n\t\t\t\t\t<div class=\"elementor-column elementor-col-50 elementor-top-column elementor-element elementor-element-28b86483\" data-id=\"28b86483\" data-element_type=\"column\">\n\t\t\t<div class=\"elementor-widget-wrap elementor-element-populated\">\n\t\t\t\t\t\t<div class=\"elementor-element elementor-element-55cd696f elementor-widget elementor-widget-heading\" data-id=\"55cd696f\" data-element_type=\"widget\" data-widget_type=\"heading.default\">\n\t\t\t\t<div class=\"elementor-widget-container\">\n\t\t\t<h5 class=\"elementor-heading-title elementor-size-default\">2025<\/h5>\t\t<\/div>\n\t\t\t\t<\/div>\n\t\t\t\t<section class=\"elementor-section elementor-inner-section elementor-element elementor-element-5fd21be5 elementor-section-boxed elementor-section-height-default elementor-section-height-default\" data-id=\"5fd21be5\" data-element_type=\"section\">\n\t\t\t\t\t\t<div class=\"elementor-container elementor-column-gap-default\">\n\t\t\t\t\t<div class=\"elementor-column elementor-col-100 elementor-inner-column elementor-element elementor-element-5222cf2b\" data-id=\"5222cf2b\" data-element_type=\"column\" data-settings=\"{&quot;background_background&quot;:&quot;classic&quot;}\">\n\t\t\t<div class=\"elementor-widget-wrap elementor-element-populated\">\n\t\t\t\t\t<div class=\"elementor-background-overlay\"><\/div>\n\t\t\t\t\t\t<div class=\"elementor-element elementor-element-5b040830 elementor-widget elementor-widget-heading\" data-id=\"5b040830\" data-element_type=\"widget\" data-widget_type=\"heading.default\">\n\t\t\t\t<div class=\"elementor-widget-container\">\n\t\t\t<h3 class=\"elementor-heading-title elementor-size-default\">Membres du bureau<\/h3>\t\t<\/div>\n\t\t\t\t<\/div>\n\t\t\t\t<div class=\"elementor-element elementor-element-29dce870 elementor-widget elementor-widget-text-editor\" data-id=\"29dce870\" data-element_type=\"widget\" data-widget_type=\"text-editor.default\">\n\t\t\t\t<div class=\"elementor-widget-container\">\n\t\t\t\t\t\t\t<p style=\"text-align: left;\">Co-Pr\u00e9sidentes : <strong>V\u00e9ronique Genelle et Reine L\u00e9pinay<br \/><\/strong><br \/>Vice-pr\u00e9sidentes : <strong>Dani\u00e8le Bouchoule, Bernadette Guery, Christelle Lehry, Christine Villeneuve<\/strong><\/p><p style=\"text-align: left;\">Tr\u00e9sori\u00e8re : <strong>Armelle Danet<\/strong><\/p><p style=\"text-align: left;\">Tr\u00e9sori\u00e8re-adjointe<strong> : Marie France Lambert<\/strong><\/p><p style=\"text-align: left;\">Secr\u00e9taire :<strong> Sophie Revillier<\/strong><\/p><p style=\"text-align: left;\">Secr\u00e9taire-adjointe<strong> : Patricia Delouis<\/strong><\/p><p style=\"text-align: left;\">Autres membres :<strong>\u00a0<\/strong><strong> Dalila Cousin, Juliette Hurlot, Charl\u00e8ne Marquot, Brigitte P\u00e9rilli\u00e9, H\u00e9l\u00e8ne St\u00e9venot, Sophie Trilles<\/strong><\/p>\t\t\t\t\t\t<\/div>\n\t\t\t\t<\/div>\n\t\t\t\t\t<\/div>\n\t\t<\/div>\n\t\t\t\t\t<\/div>\n\t\t<\/section>\n\t\t\t\t<div class=\"elementor-element elementor-element-9349d6d elementor-align-center elementor-widget elementor-widget-button\" data-id=\"9349d6d\" data-element_type=\"widget\" data-widget_type=\"button.default\">\n\t\t\t\t<div class=\"elementor-widget-container\">\n\t\t\t\t\t<div class=\"elementor-button-wrapper\">\n\t\t\t<a class=\"elementor-button elementor-button-link elementor-size-sm\" href=\"https:\/\/www.ellesaussi.org\/wp-content\/uploads\/2025\/07\/Rapport-Activites-2024.pdf\" target=\"_blank\">\n\t\t\t\t\t\t<span class=\"elementor-button-content-wrapper\">\n\t\t\t\t\t\t\t\t\t<span class=\"elementor-button-text\">Lire le rapport d\u2019activit\u00e9s 2024<\/span>\n\t\t\t\t\t<\/span>\n\t\t\t\t\t<\/a>\n\t\t<\/div>\n\t\t\t\t<\/div>\n\t\t\t\t<\/div>\n\t\t\t\t<div class=\"elementor-element elementor-element-8e6f9b6 elementor-align-center elementor-widget elementor-widget-button\" data-id=\"8e6f9b6\" data-element_type=\"widget\" data-widget_type=\"button.default\">\n\t\t\t\t<div class=\"elementor-widget-container\">\n\t\t\t\t\t<div class=\"elementor-button-wrapper\">\n\t\t\t<a class=\"elementor-button elementor-button-link elementor-size-sm\" href=\"https:\/\/www.ellesaussi.org\/wp-content\/uploads\/2024\/10\/Rapport-dactivites-2023.pdf\" target=\"_blank\">\n\t\t\t\t\t\t<span class=\"elementor-button-content-wrapper\">\n\t\t\t\t\t\t\t\t\t<span class=\"elementor-button-text\">Lire le rapport d\u2019activit\u00e9s 2023 <\/span>\n\t\t\t\t\t<\/span>\n\t\t\t\t\t<\/a>\n\t\t<\/div>\n\t\t\t\t<\/div>\n\t\t\t\t<\/div>\n\t\t\t\t\t<\/div>\n\t\t<\/div>\n\t\t\t\t<div class=\"elementor-column elementor-col-50 elementor-top-column elementor-element elementor-element-3eca8e65\" data-id=\"3eca8e65\" data-element_type=\"column\">\n\t\t\t<div class=\"elementor-widget-wrap elementor-element-populated\">\n\t\t\t\t\t\t<div class=\"elementor-element elementor-element-3721d5c6 elementor-widget elementor-widget-heading\" data-id=\"3721d5c6\" data-element_type=\"widget\" data-widget_type=\"heading.default\">\n\t\t\t\t<div class=\"elementor-widget-container\">\n\t\t\t<h3 class=\"elementor-heading-title elementor-size-default\">Conseil d'administration<\/h3>\t\t<\/div>\n\t\t\t\t<\/div>\n\t\t\t\t<div class=\"elementor-element elementor-element-24238a82 elementor-widget elementor-widget-text-editor\" data-id=\"24238a82\" data-element_type=\"widget\" data-widget_type=\"text-editor.default\">\n\t\t\t\t<div class=\"elementor-widget-container\">\n\t\t\t\t\t\t\t<p><strong>Brigitte Fayard et V\u00e9ronique Genelle<\/strong>, ACF<br \/><br \/><strong>Christelle Lehry et Gis\u00e8le Bourcart<\/strong>, Femmes d\u2019Alsace<br \/><br \/><strong>Armelle Danet et Martine Fayolle<\/strong>, UFCS\/FR<br \/><br \/><strong>Juliette Hurlot et Isabelle Bouill\u00e9<\/strong>, Association Femmes \u00e9lues de la Manche<br \/><br \/><strong>Nathalie B\u00e9ranger et Brigitte P\u00e9rilli\u00e9<\/strong>, Association Femmes \u00e9lues de l\u2019Is\u00e8re<br \/><br \/><strong>Pascale Tolfo<\/strong>, Association Femmes \u00e9lues de l\u2019Ard\u00e8che<br \/><br \/><strong>Reine L\u00e9pinay et Patricia Delouis<\/strong>, Antenne Elles aussi Auvergne Rh\u00f4ne Alpes<br \/><br \/><strong>Martine Simon et Charl\u00e8ne Marquot<\/strong>, Antenne Elles aussi Hauts de France<br \/><br \/><strong>Dani\u00e8le Bouchoule et Ga\u00eblle Lahoreau<\/strong>, Antenne Elles aussi Centre Val de Loire<br \/><br \/><strong>Bernadette Gu\u00e9ry et Sophie Revillier<\/strong>, Antenne Elles aussi Occitanie<\/p>\t\t\t\t\t\t<\/div>\n\t\t\t\t<\/div>\n\t\t\t\t\t<\/div>\n\t\t<\/div>\n\t\t\t\t\t<\/div>\n\t\t<\/section>\n\t\t\t\t<\/div>\n\t\t","protected":false},"excerpt":{"rendered":"<p>2025 Membres du bureau Co-Pr\u00e9sidentes : V\u00e9ronique Genelle et Reine L\u00e9pinayVice-pr\u00e9sidentes : Dani\u00e8le Bouchoule, Bernadette Guery, Christelle Lehry, Christine Villeneuve Tr\u00e9sori\u00e8re : Armelle Danet Tr\u00e9sori\u00e8re-adjointe : Marie France Lambert Secr\u00e9taire : Sophie Revillier Secr\u00e9taire-adjointe : Patricia Delouis Autres membres :\u00a0 Dalila Cousin, Juliette Hurlot, Charl\u00e8ne Marquot, Brigitte P\u00e9rilli\u00e9, H\u00e9l\u00e8ne St\u00e9venot, Sophie Trilles Lire le rapport [&hellip;]<\/p>\n","protected":false},"author":1,"featured_media":0,"parent":0,"menu_order":0,"comment_status":"closed","ping_status":"closed","template":"","meta":{"footnotes":""},"class_list":["post-553","page","type-page","status-publish","hentry"],"yoast_head":"<!-- This site is optimized with the Yoast SEO plugin v22.8 - https:\/\/yoast.com\/wordpress\/plugins\/seo\/ -->\n<title>La Gouvernance - Elles Aussi<\/title>\n<meta name=\"robots\" content=\"index, follow, max-snippet:-1, max-image-preview:large, max-video-preview:-1\" \/>\n<link rel=\"canonical\" href=\"https:\/\/www.ellesaussi.org\/?page_id=553\" \/>\n<meta property=\"og:locale\" content=\"fr_FR\" \/>\n<meta property=\"og:type\" content=\"article\" \/>\n<meta property=\"og:title\" content=\"La Gouvernance - Elles Aussi\" \/>\n<meta property=\"og:description\" content=\"2025 Membres du bureau Co-Pr\u00e9sidentes : V\u00e9ronique Genelle et Reine L\u00e9pinayVice-pr\u00e9sidentes : Dani\u00e8le Bouchoule, Bernadette Guery, Christelle Lehry, Christine Villeneuve Tr\u00e9sori\u00e8re : Armelle Danet Tr\u00e9sori\u00e8re-adjointe : Marie France Lambert Secr\u00e9taire : Sophie Revillier Secr\u00e9taire-adjointe : Patricia Delouis Autres membres :\u00a0 Dalila Cousin, Juliette Hurlot, Charl\u00e8ne Marquot, Brigitte P\u00e9rilli\u00e9, H\u00e9l\u00e8ne St\u00e9venot, Sophie Trilles Lire le rapport [&hellip;]\" \/>\n<meta property=\"og:url\" content=\"https:\/\/www.ellesaussi.org\/?page_id=553\" \/>\n<meta property=\"og:site_name\" content=\"Elles Aussi\" \/>\n<meta property=\"article:publisher\" content=\"https:\/\/www.facebook.com\/ellesaussi\/\" \/>\n<meta property=\"article:modified_time\" content=\"2025-07-28T08:16:29+00:00\" \/>\n<meta name=\"twitter:card\" content=\"summary_large_image\" \/>\n<meta name=\"twitter:label1\" content=\"Dur\u00e9e de lecture estim\u00e9e\" \/>\n\t<meta name=\"twitter:data1\" content=\"1 minute\" \/>\n<script type=\"application\/ld+json\" class=\"yoast-schema-graph\">{\"@context\":\"https:\/\/schema.org\",\"@graph\":[{\"@type\":\"WebPage\",\"@id\":\"https:\/\/www.ellesaussi.org\/?page_id=553\",\"url\":\"https:\/\/www.ellesaussi.org\/?page_id=553\",\"name\":\"La Gouvernance - Elles Aussi\",\"isPartOf\":{\"@id\":\"https:\/\/www.ellesaussi.org\/#website\"},\"datePublished\":\"2024-10-03T09:50:42+00:00\",\"dateModified\":\"2025-07-28T08:16:29+00:00\",\"breadcrumb\":{\"@id\":\"https:\/\/www.ellesaussi.org\/?page_id=553#breadcrumb\"},\"inLanguage\":\"fr-FR\",\"potentialAction\":[{\"@type\":\"ReadAction\",\"target\":[\"https:\/\/www.ellesaussi.org\/?page_id=553\"]}]},{\"@type\":\"BreadcrumbList\",\"@id\":\"https:\/\/www.ellesaussi.org\/?page_id=553#breadcrumb\",\"itemListElement\":[{\"@type\":\"ListItem\",\"position\":1,\"name\":\"Accueil\",\"item\":\"https:\/\/www.ellesaussi.org\/\"},{\"@type\":\"ListItem\",\"position\":2,\"name\":\"La Gouvernance\"}]},{\"@type\":\"WebSite\",\"@id\":\"https:\/\/www.ellesaussi.org\/#website\",\"url\":\"https:\/\/www.ellesaussi.org\/\",\"name\":\"Elles Aussi\",\"description\":\"\",\"publisher\":{\"@id\":\"https:\/\/www.ellesaussi.org\/#organization\"},\"potentialAction\":[{\"@type\":\"SearchAction\",\"target\":{\"@type\":\"EntryPoint\",\"urlTemplate\":\"https:\/\/www.ellesaussi.org\/?s={search_term_string}\"},\"query-input\":\"required name=search_term_string\"}],\"inLanguage\":\"fr-FR\"},{\"@type\":\"Organization\",\"@id\":\"https:\/\/www.ellesaussi.org\/#organization\",\"name\":\"Elles Aussi\",\"url\":\"https:\/\/www.ellesaussi.org\/\",\"logo\":{\"@type\":\"ImageObject\",\"inLanguage\":\"fr-FR\",\"@id\":\"https:\/\/www.ellesaussi.org\/#\/schema\/logo\/image\/\",\"url\":\"https:\/\/www.ellesaussi.org\/wp-content\/uploads\/2024\/05\/Elles-aussi_logotype_rouge.png\",\"contentUrl\":\"https:\/\/www.ellesaussi.org\/wp-content\/uploads\/2024\/05\/Elles-aussi_logotype_rouge.png\",\"width\":3472,\"height\":2480,\"caption\":\"Elles Aussi\"},\"image\":{\"@id\":\"https:\/\/www.ellesaussi.org\/#\/schema\/logo\/image\/\"},\"sameAs\":[\"https:\/\/www.facebook.com\/ellesaussi\/\"]}]}<\/script>\n<!-- \/ Yoast SEO plugin. -->","yoast_head_json":{"title":"La Gouvernance - Elles Aussi","robots":{"index":"index","follow":"follow","max-snippet":"max-snippet:-1","max-image-preview":"max-image-preview:large","max-video-preview":"max-video-preview:-1"},"canonical":"https:\/\/www.ellesaussi.org\/?page_id=553","og_locale":"fr_FR","og_type":"article","og_title":"La Gouvernance - Elles Aussi","og_description":"2025 Membres du bureau Co-Pr\u00e9sidentes : V\u00e9ronique Genelle et Reine L\u00e9pinayVice-pr\u00e9sidentes : Dani\u00e8le Bouchoule, Bernadette Guery, Christelle Lehry, Christine Villeneuve Tr\u00e9sori\u00e8re : Armelle Danet Tr\u00e9sori\u00e8re-adjointe : Marie France Lambert Secr\u00e9taire : Sophie Revillier Secr\u00e9taire-adjointe : Patricia Delouis Autres membres :\u00a0 Dalila Cousin, Juliette Hurlot, Charl\u00e8ne Marquot, Brigitte P\u00e9rilli\u00e9, H\u00e9l\u00e8ne St\u00e9venot, Sophie Trilles Lire le rapport [&hellip;]","og_url":"https:\/\/www.ellesaussi.org\/?page_id=553","og_site_name":"Elles Aussi","article_publisher":"https:\/\/www.facebook.com\/ellesaussi\/","article_modified_time":"2025-07-28T08:16:29+00:00","twitter_card":"summary_large_image","twitter_misc":{"Dur\u00e9e de lecture estim\u00e9e":"1 minute"},"schema":{"@context":"https:\/\/schema.org","@graph":[{"@type":"WebPage","@id":"https:\/\/www.ellesaussi.org\/?page_id=553","url":"https:\/\/www.ellesaussi.org\/?page_id=553","name":"La Gouvernance - Elles Aussi","isPartOf":{"@id":"https:\/\/www.ellesaussi.org\/#website"},"datePublished":"2024-10-03T09:50:42+00:00","dateModified":"2025-07-28T08:16:29+00:00","breadcrumb":{"@id":"https:\/\/www.ellesaussi.org\/?page_id=553#breadcrumb"},"inLanguage":"fr-FR","potentialAction":[{"@type":"ReadAction","target":["https:\/\/www.ellesaussi.org\/?page_id=553"]}]},{"@type":"BreadcrumbList","@id":"https:\/\/www.ellesaussi.org\/?page_id=553#breadcrumb","itemListElement":[{"@type":"ListItem","position":1,"name":"Accueil","item":"https:\/\/www.ellesaussi.org\/"},{"@type":"ListItem","position":2,"name":"La Gouvernance"}]},{"@type":"WebSite","@id":"https:\/\/www.ellesaussi.org\/#website","url":"https:\/\/www.ellesaussi.org\/","name":"Elles Aussi","description":"","publisher":{"@id":"https:\/\/www.ellesaussi.org\/#organization"},"potentialAction":[{"@type":"SearchAction","target":{"@type":"EntryPoint","urlTemplate":"https:\/\/www.ellesaussi.org\/?s={search_term_string}"},"query-input":"required name=search_term_string"}],"inLanguage":"fr-FR"},{"@type":"Organization","@id":"https:\/\/www.ellesaussi.org\/#organization","name":"Elles Aussi","url":"https:\/\/www.ellesaussi.org\/","logo":{"@type":"ImageObject","inLanguage":"fr-FR","@id":"https:\/\/www.ellesaussi.org\/#\/schema\/logo\/image\/","url":"https:\/\/www.ellesaussi.org\/wp-content\/uploads\/2024\/05\/Elles-aussi_logotype_rouge.png","contentUrl":"https:\/\/www.ellesaussi.org\/wp-content\/uploads\/2024\/05\/Elles-aussi_logotype_rouge.png","width":3472,"height":2480,"caption":"Elles Aussi"},"image":{"@id":"https:\/\/www.ellesaussi.org\/#\/schema\/logo\/image\/"},"sameAs":["https:\/\/www.facebook.com\/ellesaussi\/"]}]}},"_links":{"self":[{"href":"https:\/\/www.ellesaussi.org\/index.php?rest_route=\/wp\/v2\/pages\/553","targetHints":{"allow":["GET"]}}],"collection":[{"href":"https:\/\/www.ellesaussi.org\/index.php?rest_route=\/wp\/v2\/pages"}],"about":[{"href":"https:\/\/www.ellesaussi.org\/index.php?rest_route=\/wp\/v2\/types\/page"}],"author":[{"embeddable":true,"href":"https:\/\/www.ellesaussi.org\/index.php?rest_route=\/wp\/v2\/users\/1"}],"replies":[{"embeddable":true,"href":"https:\/\/www.ellesaussi.org\/index.php?rest_route=%2Fwp%2Fv2%2Fcomments&post=553"}],"version-history":[{"count":44,"href":"https:\/\/www.ellesaussi.org\/index.php?rest_route=\/wp\/v2\/pages\/553\/revisions"}],"predecessor-version":[{"id":3658,"href":"https:\/\/www.ellesaussi.org\/index.php?rest_route=\/wp\/v2\/pages\/553\/revisions\/3658"}],"wp:attachment":[{"href":"https:\/\/www.ellesaussi.org\/index.php?rest_route=%2Fwp%2Fv2%2Fmedia&parent=553"}],"curies":[{"name":"wp","href":"https:\/\/api.w.org\/{rel}","templated":true}]}}